 What is q(k)?
1
Let l(k) = 0*k + 6 - k + 0*k. Let w = 62779 + -62775. Calculate l(w).
2
Let m(g) = 5 - 1289*g**3 - 35*g + 3866*g**3 - 1287*g**3 - 17*g**2 - 1289*g**3. Determine m(19).
62
Suppose 0 = 3*n + 2*n - 10. Let x(b) = 3 - 4 + 7 - n*b. Suppose -4*i = -4*z - 48, -6 - 6 = -3*i - z. Determine x(i).
-6
Let y = -1143 - -1153. Let t(l) = l**3 - 10*l**2 - l - 10. Give t(y).
-20
Let o be (-4)/18 - (-22)/18. Suppose 4*t = t + 12, -4*k + 2*t = -644. Let v(r) = r**2 - 11 + 12 - k*r + 161*r. Determine v(o).
0
Suppose -1 + 3 = z. Suppose z*u - 62 = -4*l, 4*u + 1 = l - 1. Let r(n) = n**3 - 13*n**2 - 14*n + 1. Let a be r(l). Let j(d) = -6*d**3 - 1. Determine j(a).
-7
Let m(g) = -22*g - 26*g - 15*g**2 - 2 + 73*g - 3 - 22*g. Determine m(3).
-131
Let o(i) = -3*i**2 - 74*i + 154. Let f be o(2). Let w(c) = -c**3 - 6*c**2 - 4*c - 4. Give w(f).
20
Let y(b) = 12*b - 11. Let f be y(5). Suppose 5*r + f = -2*l - 9, r + l = -14. Let z = r - -7. Let m(v) = -v**3 - 4*v**2 - 3*v - 4. Calculate m(z).
-4
Let k(r) = 2*r**3 - 4*r**2 - 4*r + 16. Let v(o) = -3*o**3 + 11*o**2 + o - 31. Let l(d) = -5*k(d) - 3*v(d). Calculate l(-14).
-29
Let i(z) = -11*z + 54. Let n(s) = 9*s - 42. Let w(f) = 2*i(f) + 3*n(f). What is w(-5)?
-43
Let q(y) be the third derivative of y**5/30 - 19*y**4/12 + 20*y**3/3 + 2*y**2 - 593*y. Calculate q(18).
4
Let r(v) = -3*v**2 + 28*v - 46. Let k(b) = 5*b**2 - 32*b + 45. Let u(o) = 2*k(o) + 3*r(o). Give u(-22).
-4
Suppose -31*k = -18*k. Let r(m) = -m**3 + m**2 - m + 4. What is r(k)?
4
Let u(t) = t**2 + 5*t - 1. Let c be 26/117 - (-50)/18. Suppose -20*n + 14*n = -30. Suppose -2*m - 22 = n*y - m, -3*y = -c*m + 6. Determine u(y).
-5
Let j = -2 + -5. Let m(k) = -k**3 + 8*k**2 + 11*k - 12. Let n be m(9). Let l(o) = 8 + 17 + n - 32 + o + 6. Calculate l(j).
-2
Let u(l) = -89*l - 2. Suppose 0 = y - 10*p + 5*p - 4, 11*y + 16 = -5*p. What is u(y)?
87
Let v(r) be the first derivative of r**3 + 2*r**2 - 3*r + 35. Let g(o) = o**2 + 56*o - 3. Let q be g(0). What is v(q)?
12
Let j be 11/5 - 6/(-120)*-4. Let n be 2*(j/(-5))/(4/(-25)). Let g(s) = -1 - n*s + 5*s - 2*s + 9*s. What is g(1)?
6
Let u(g) be the first derivative of g**4/12 + 7*g**3/6 - g**2 + 16*g + 65. Let s(z) be the first derivative of u(z). Give s(-4).
-14
Let r = -14 - 4. Let q be (r/(-8))/(8/(-32)). Let g(j) = j**3 + 8*j**2 - 7*j + 12. Calculate g(q).
-6
Let f be 6/(-12)*-2 - (-6 - 2). Let m(r) = 14*r - 120. Give m(f).
6
Let l(k) = -12*k - 124. Let n be (5 - -15)*28/(-56). Calculate l(n).
-4
Let r(a) = -a**2 + 1 + 2*a**2 - 14*a + 7. Suppose 261099*x - 325 = 261074*x. What is r(x)?
-5
Let u(p) = 8*p - 56. Let c be u(18). Let n(g) = -3*g**2 - 6*g - 8. Let o be n(-6). Let r = c + o. Let b(y) = y + 2. What is b(r)?
10
Let v(x) be the third derivative of 0 + 231*x**2 + 0*x + 9/8*x**4 - 1/6*x**3. Give v(1).
26
Let x(c) = c**3 + 18*c**2 + 20*c - 18. Let j(w) = -86*w + 4111. Let y be j(48). Give x(y).
-69
Let d(m) = -m**3 + 9*m**2 + 12*m - 15. Let z(g) = -2*g**2 - 15*g - 13. Let n be -7 + 2/6*3. Let y be z(n). Suppose 3*p = y*p - 20. Give d(p).
5
Let r be (2 - 1)/((-4)/(60/5)). Let w(y) = 48*y + 147. Let l be w(r). Let f(n) = -3*n**2 + n + 5. Give f(l).
-19
Let g = -681 - -686. Let l(x) = 339 + 332 - g*x - 14*x - 673. Give l(-1).
17
Let n(t) = t**3 - 2*t**2 - 4*t + 13. Let m(o) = -47*o - 750. Let x be m(-16). Calculate n(x).
5
Let r(n) = -2 - 262*n - 6*n**2 + 2*n**2 + 259*n + 3*n**2 - 4*n**2. Suppose 5*h - 8 + 18 = 0. Calculate r(h).
-16
Let z(w) = -w**2 - 7*w - 1. Let u(i) = 3*i - 4*i + 0*i - 1 + 3*i. Let d(k) = -2*u(k) - z(k). Determine d(-3).
3
Let z(i) be the second derivative of -i**5/60 - i**4/6 + i**3/3 - i**2 - 2*i. Let w(o) be the first derivative of z(o). Let h = 224445 - 224448. Give w(h).
5
Let y be (-2)/(-10) + (-36)/5. Let x(v) = -4*v + 34. Let c be x(8). Let q(t) = -2 + 0*t - 2281*t**2 + 6*t + 2282*t**c. Determine q(y).
5
Let u(f) = -4*f + 4. Let g be 46/10 - 1*6/(-15). Let b(r) be the second derivative of -r**3/2 + 3*r**2/2 - 2*r. Let p(m) = g*b(m) - 4*u(m). What is p(-5)?
-6
Let m(p) = 70*p**3 - 4*p**2 + 17*p. Let q(o) = -68*o**3 + 5*o**2 - 21*o. Let f(d) = 5*m(d) + 4*q(d). Calculate f(1).
79
Let r(a) = 2*a**2 + 7*a + 9. Let d be (-4)/(-12) + (-13)/3 - 6. What is r(d)?
139
Let q(w) = 30 - 25 - 19 - 5*w + w**2. Let p(f) = -f**2 - 7*f + 7. Let x be p(-7). Give q(x).
0
Let h(f) be the second derivative of 8*f**3/3 - 29*f**2/2 + 6339*f - 2. Calculate h(5).
51
Let d(h) = 3*h - 8. Let j(p) = -24*p + 63. Let a(l) = -33*d(l) - 4*j(l). Suppose 3*m + 3 = -3*w, 4*w - 2*m - 10 = 22. Determine a(w).
-3
Let l(n) be the third derivative of -n**5/60 - n**4/6 + 25*n**3/6 - 203*n**2 + 4. Calculate l(-5).
20
Let z(d) = -9 - 2*d**2 - 3*d - 5*d + 3*d**2 - d**3 - 9*d**2. Suppose -35*f + 140 = -55*f. Give z(f).
-2
Let z(m) = m**3 - 7*m**2 + 8*m - 5. Suppose -4055 = 9*n - 4100. What is z(n)?
-15
Let n(q) be the second derivative of -q**5/30 - q**4/4 - 46*q**3/3 + 66*q. Let m(i) be the second derivative of n(i). Determine m(5).
-26
Let a = -213 + 217. Let z(l) = a*l - 2 + 4*l + 8*l - 18*l. What is z(-6)?
10
Let k(y) be the second derivative of -y**5/20 - 3*y**4/4 - 8*y**3/3 - 31*y**2/2 - 14248*y. Calculate k(-9).
113
Let c(l) = 3*l**3 - 18*l**2 - 5. Let d(z) = 4*z**3 - 21*z**2 + z - 6. Let u(o) = 5*c(o) - 4*d(o). Determine u(-5).
-6
Let f(w) = w**2 - 10*w + 8. Let y be 3/((-6)/4)*63/(-14). Suppose 3*r + z - 1 = 4, -3*z = 4*r. Suppose -y*b + 28 = -5*b - q, -20 = -r*b + q. Determine f(b).
-8
Let c = 51 + -116. Let d = 73 + c. Suppose d*y = -10*y - 108. Let o(x) = x**3 + 7*x**2 + 2*x + 1. Give o(y).
25
Let v(c) = 7*c**2 + 39*c + 12. Suppose 527*s - 936 = 76*s - 3642. Determine v(s).
30
Let o(q) = -12 - 25*q - 16*q - 15*q + 2*q**2 + 57*q + q**3 - 8*q**2. Calculate o(5).
-32
Let p(o) be the second derivative of -o**4/4 + 11*o**3/6 + 4*o**2 - 386*o - 2. What is p(5)?
-12
Let s(u) be the first derivative of -u**3/3 + 5*u**2 + 6*u - 22. Let q(n) = 2*n**2 + n + 11. Let t be q(0). Calculate s(t).
-5
Let y be -6*3/((-18)/20). Let i(l) = 25*l + y*l + 0*l**2 - 38*l + l**2. What is i(-3)?
-12
Let h be (5 - 2)*-1 - (-70 + 12). Suppose 6 = 7*i + h. Let v(t) = t**3 + 6*t**2 - 6*t + 4. Calculate v(i).
-3
Let w(k) = -30*k**2 + 12 + 50*k**2 - 30*k**2 + k**3. Determine w(11).
133
Let d(a) = 2*a**2 + 2*a - 5. Let y be -17*3/(-12) + (594/88)/(-27). Determine d(y).
35
Let c = 442 + -431. Let t(n) = n**3 - 10*n**2 - 16*n + 8. Determine t(c).
-47
Let j(v) = -12*v**3 - 36 + 4 + 19 + 8*v**3 - 5*v + 29*v**2. Calculate j(7).
1
Let x(h) be the second derivative of -h**5/20 - 5*h**4/12 + h**3 + h**2/2 + 592*h. Let u(l) = l + 11. Let v be u(-9). Suppose 0 = -o - v*o - 18. Calculate x(o).
1
Let n(h) = 8*h + 1. Suppose g = 5*p - 10, 0 = 4*p - 2*g - 6 - 2. Suppose -f + 2*f - 4*z + 5 = 0, 0 = f - p*z + 3. Calculate n(f).
-7
Let q(v) be the first derivative of -v**3/3 + 3*v**2 + 4*v + 1. Let f(c) = c**2 + 30*c + 249. Let a be f(-9). Suppose -a*t + 65 = -47*t. What is q(t)?
9
Let n(a) = -20*a + 16. Let p be (68/(-17))/(18/3)*(-18)/4. Calculate n(p).
-44
Let i be -1 - -3 - (-4 - -1). Suppose 5*r = -i*q - 5, q - r - 2 = 3. Let b(n) = 4 - 5*n**3 - 13*n + 2*n**3 + 2*n**3 + 10*n**2 + q*n. Determine b(9).
-14
Let t(h) = -3*h**3 + 8*h**2 + 2*h + 3. Let x(f) = -8*f**3 + 21*f**2 + 5*f + 11. Let l(u) = -11*t(u) + 4*x(u). Give l(3).
-4
Let m(d) = 17*d - 36. Let b(q) = 8*q - 18. Let r(h) = 13*b(h) - 6*m(h). Suppose -2*f = -4*l - 3514 + 3506, -3*f + 27 = -l. What is r(f)?
2
Let i(h) be the second derivative of h**3 + 13*h**2 + 331*h + 2. What is i(-7)?
-16
Let w(h) be the second derivative of -h**3/6 + h**2/2 + 8*h. Let u(f) = 3*f - 5. Let g(j) = u(j) + 2*w(j). What is g(9)?
6
Let v(g) = g**3 + 57*g**2 + 54*g - 106. Suppose -26*l + 2*j + 278 = -31*l, 0 = -4*l - 4*j - 220. Calculate v(l).
6
Let b(o) = o**2 - 2*o - 7. Let f(t) = t**2 - 3*t - 8. Let n(h) = 2*b(h) - 3*f(h). Let v be 4/((-60)/(-4) - 9) + 57/9. Determine n(v).
-4
Suppose 3*v = -3, 2*n = -0*v - 4*v + 2. Suppose -2*u + n + 5 = 0. Let c(r) = -4*r + 2*r + 0*r - 4 - u. Determine c(-7).
6
Let o(g) = 2*g + 60. Let j be -2 + 5 - (-4)/(((-52)/(-169))/(-1)). Give o(j).
40
Let f be 2 + (-33)/18 - (1170/(-108) - -2). Suppose -4*r = -v - 10, r - 2*v = 4*r - 2. Let d(y) = 15 - f*y - 17*y**2 - 7 + 16*y**r. Calculate d(